{"id":129,"date":"2024-06-19T11:45:32","date_gmt":"2024-06-19T11:45:32","guid":{"rendered":"http:\/\/zrm-transport.pl\/?page_id=129"},"modified":"2024-06-20T11:35:37","modified_gmt":"2024-06-20T11:35:37","slug":"oferty-pracy","status":"publish","type":"page","link":"https:\/\/zrm-transport.pl\/?page_id=129","title":{"rendered":"Oferty pracy"},"content":{"rendered":"\t\t<div data-elementor-type=\"wp-page\" data-elementor-id=\"129\" class=\"elementor elementor-129\">\n\t\t\t\t<div class=\"elementor-element elementor-element-5b3c0052 e-con-full e-flex e-con e-parent\" data-id=\"5b3c0052\" data-element_type=\"container\" data-e-type=\"container\" data-settings=\"{&quot;background_background&quot;:&quot;classic&quot;}\">\n\t\t<div class=\"elementor-element elementor-element-736feb8 e-con-full e-flex e-con e-child\" data-id=\"736feb8\" data-element_type=\"container\" data-e-type=\"container\">\n\t\t\t\t<div class=\"elementor-element elementor-element-14c989e4 elementor-widget elementor-widget-heading\" data-id=\"14c989e4\" data-element_type=\"widget\" data-e-type=\"widget\" data-widget_type=\"heading.default\">\n\t\t\t\t<div class=\"elementor-widget-container\">\n\t\t\t\t\t<p class=\"elementor-heading-title elementor-size-default\">praca transport \u015bwiecie<\/p>\t\t\t\t<\/div>\n\t\t\t\t<\/div>\n\t\t\t\t<div class=\"elementor-element elementor-element-9220914 elementor-widget elementor-widget-heading\" data-id=\"9220914\" data-element_type=\"widget\" data-e-type=\"widget\" data-widget_type=\"heading.default\">\n\t\t\t\t<div class=\"elementor-widget-container\">\n\t\t\t\t\t<h2 class=\"elementor-heading-title elementor-size-default\">Do\u0142\u0105cz do nas<\/h2>\t\t\t\t<\/div>\n\t\t\t\t<\/div>\n\t\t\t\t<div class=\"elementor-element elementor-element-1dd207a2 elementor-widget elementor-widget-text-editor\" data-id=\"1dd207a2\" data-element_type=\"widget\" data-e-type=\"widget\" data-widget_type=\"text-editor.default\">\n\t\t\t\t<div class=\"elementor-widget-container\">\n\t\t\t\t\t\t\t\t\t<p>CV wy\u015blij na adres <strong>info@zrm-group.pl<\/strong><br \/>Aktualnie poszukujemy pracownik\u00f3w na stanowisko:<br \/><br \/><\/p><ul><li>spedytor<\/li><li>kierowca C+E<\/li><\/ul>\t\t\t\t\t\t\t\t<\/div>\n\t\t\t\t<\/div>\n\t\t\t\t<\/div>\n\t\t\t\t<div class=\"elementor-element elementor-element-7fa638c7 elementor-widget__width-initial elementor-widget-tablet__width-inherit elementor-widget elementor-widget-image\" data-id=\"7fa638c7\" data-element_type=\"widget\" data-e-type=\"widget\" data-widget_type=\"image.default\">\n\t\t\t\t<div class=\"elementor-widget-container\">\n\t\t\t\t\t\t\t\t\t\t\t\t\t\t\t<img fetchpriority=\"high\" decoding=\"async\" width=\"750\" height=\"442\" src=\"https:\/\/zrm-transport.pl\/wp-content\/uploads\/2024\/06\/Zrzut-ekranu-2024-06-20-130102-1024x604.png\" class=\"attachment-large size-large wp-image-252\" alt=\"\" srcset=\"https:\/\/zrm-transport.pl\/wp-content\/uploads\/2024\/06\/Zrzut-ekranu-2024-06-20-130102-1024x604.png 1024w, https:\/\/zrm-transport.pl\/wp-content\/uploads\/2024\/06\/Zrzut-ekranu-2024-06-20-130102-300x177.png 300w, https:\/\/zrm-transport.pl\/wp-content\/uploads\/2024\/06\/Zrzut-ekranu-2024-06-20-130102-768x453.png 768w, https:\/\/zrm-transport.pl\/wp-content\/uploads\/2024\/06\/Zrzut-ekranu-2024-06-20-130102.png 1325w\" sizes=\"(max-width: 750px) 100vw, 750px\" \/>\t\t\t\t\t\t\t\t\t\t\t\t\t\t\t<\/div>\n\t\t\t\t<\/div>\n\t\t\t\t<\/div>\n\t\t\t\t<\/div>\n\t\t","protected":false},"excerpt":{"rendered":"<p>praca transport \u015bwiecie Do\u0142\u0105cz do nas CV wy\u015blij na adres info@zrm-group.plAktualnie poszukujemy pracownik\u00f3w na stanowisko: spedytor kierowca C+E<\/p>\n","protected":false},"author":1,"featured_media":0,"parent":0,"menu_order":0,"comment_status":"closed","ping_status":"closed","template":"page-templates\/template-pagebuilder-full-width.php","meta":{"_eb_attr":"","footnotes":""},"class_list":["post-129","page","type-page","status-publish","hentry"],"_links":{"self":[{"href":"https:\/\/zrm-transport.pl\/index.php?rest_route=\/wp\/v2\/pages\/129","targetHints":{"allow":["GET"]}}],"collection":[{"href":"https:\/\/zrm-transport.pl\/index.php?rest_route=\/wp\/v2\/pages"}],"about":[{"href":"https:\/\/zrm-transport.pl\/index.php?rest_route=\/wp\/v2\/types\/page"}],"author":[{"embeddable":true,"href":"https:\/\/zrm-transport.pl\/index.php?rest_route=\/wp\/v2\/users\/1"}],"replies":[{"embeddable":true,"href":"https:\/\/zrm-transport.pl\/index.php?rest_route=%2Fwp%2Fv2%2Fcomments&post=129"}],"version-history":[{"count":10,"href":"https:\/\/zrm-transport.pl\/index.php?rest_route=\/wp\/v2\/pages\/129\/revisions"}],"predecessor-version":[{"id":283,"href":"https:\/\/zrm-transport.pl\/index.php?rest_route=\/wp\/v2\/pages\/129\/revisions\/283"}],"wp:attachment":[{"href":"https:\/\/zrm-transport.pl\/index.php?rest_route=%2Fwp%2Fv2%2Fmedia&parent=129"}],"curies":[{"name":"wp","href":"https:\/\/api.w.org\/{rel}","templated":true}]}}